 771444?
False
Is 99931792 a multiple of 56?
False
Does 51 divide 3041759289?
True
Is 64 a factor of 25260736?
True
Is 1679671 a multiple of 49?
True
Does 125 divide 155881500?
True
Is 2616196303 a multiple of 6750?
False
Is 426961773 a multiple of 7?
True
Is 10 a factor of 1072995390?
True
Is 60401196 a multiple of 12?
True
Is 40113040 a multiple of 118?
False
Is 291 a factor of 411310390?
False
Is 465393240 a multiple of 36?
True
Does 5 divide 151221892?
False
Is 215914752 a multiple of 64?
True
Is 3630810 a multiple of 555?
True
Does 781 divide 181961285?
True
Is 3863 a factor of 210136751?
False
Is 1233764830 a multiple of 147?
False
Does 193 divide 127933448?
False
Is 13 a factor of 270659177?
False
Does 148 divide 58628424?
True
Is 4 a factor of 1991212?
True
Is 33 a factor of 217525803?
True
Is 105557316 a multiple of 3846?
True
Is 136 a factor of 143971640?
True
Does 9 divide 40008348?
True
Is 98 a factor of 188887650?
True
Does 1824 divide 1618675608?
False
Does 868 divide 31149109?
False
Does 123 divide 109587588?
True
Is 57 a factor of 1326742748?
False
Is 27462366 even?
True
Is 6 a factor of 182090022?
True
Does 8 divide 77237953?
False
Is 119 a factor of 163511236?
True
Does 29 divide 62790365?
True
Is 94336938 a multiple of 38?
True
Is 68526535 a multiple of 385?
True
Is 71 a factor of 7455385?
False
Is 1215653060 a multiple of 2740?
True
Is 13 a factor of 361329166?
False
Does 34 divide 43583151?
False
Does 11 divide 105641632?
False
Does 141 divide 1618325808?
True
Is 31 a factor of 6509034?
False
Is 22 a factor of 47856116?
True
Is 80002302 a multiple of 606?
True
Does 2 divide 152064208?
True
Is 23 a factor of 1555876280?
False
Is 348072146 a multiple of 100?
False
Is 370 a factor of 284219940?
True
Is 127887214 a multiple of 266?
True
Is 1112 a factor of 42652984?
True
Is 396766062 a multiple of 1814?
False
Does 114 divide 19821850?
False
Is 38379124 a multiple of 1671?
False
Is 656 a factor of 492497?
False
Does 89 divide 431935276?
False
Is 38759004 a multiple of 75?
False
Is 2140 a factor of 81125260?
True
Does 87 divide 25345273?
False
Is 8 a factor of 5148748?
False
Does 126 divide 317373920?
False
Is 7787421 a multiple of 81?
True
Does 483 divide 78332940?
True
Is 396 a factor of 40985716?
False
Is 1320017816 a multiple of 28?
False
Is 352552600 a multiple of 3610?
True
Does 294 divide 123589425?
False
Is 51029616 a multiple of 254?
True
Does 204 divide 9701832?
True
Is 42510 a multiple of 2834?
True
Does 23 divide 28926021?
False
Is 2553 a factor of 175590234?
True
Is 1548147096 a multiple of 6488?
True
Does 3055 divide 1552660980?
True
Does 249 divide 33203403?
True
Does 84 divide 409490592?
True
Does 4890 divide 456256311?
False
Does 1086 divide 20621180?
False
Does 1022 divide 116300534?
True
Does 730 divide 125852000?
True
Is 44863903 a multiple of 60?
False
Is 5948046 a multiple of 222?
True
Is 82171226 a multiple of 894?
False
Does 78 divide 52589940?
True
Does 130 divide 171594020?
True
Is 330 a factor of 450942030?
True
Does 54 divide 300332497?
False
Is 363 a factor of 1352869782?
True
Is 29 a factor of 145016941?
False
Is 85 a factor of 2501182?
False
Is 5046088868 a multiple of 158?
False
Does 1168 divide 110955328?
True
Does 53 divide 42946826?
False
Does 892 divide 67510128?
True
Is 28708306 a multiple of 52?
False
Is 40054040 a multiple of 184?
True
Is 948 a factor of 1020171240?
True
Is 291071 a multiple of 47?
True
Does 73 divide 41288712?
False
Does 12 divide 4085748?
True
Does 21 divide 132661078?
False
Is 18665390 a multiple of 827?
True
Is 1488437026 a multiple of 15?
False
Is 67853655 a multiple of 549?
True
Is 487 a factor of 605477727?
False
Is 244 a factor of 665005164?
True
Is 7609111 a multiple of 160?
False
Is 278032110 a multiple of 2827?
False
Is 153130020 a multiple of 20?
True
Does 167 divide 44191540?
True
Is 2625946032 a multiple of 654?
True
Is 4069 a factor of 35864166?
True
Does 6 divide 27240362?
False
Does 1803 divide 640778988?
True
Does 292 divide 150408616?
True
Is 1531116576 a multiple of 1749?
True
Is 56 a factor of 170425416?
True
Is 40262763 a multiple of 227?
True
Does 38 divide 53755380?
False
Is 351022327 a multiple of 5457?
False
Is 33304110 a multiple of 2368?
False
Does 1747 divide 9811152?
True
Is 12783104 a multiple of 128?
True
Does 23 divide 462447766?
False
Is 33363589 a multiple of 19?
False
Does 18 divide 66194806?
False
Is 2306198692 a multiple of 1876?
True
Is 628 a factor of 1273709050?
False
Is 26 a factor of 5653137500?
False
Is 970 a factor of 4617433007?
False
Is 220645696 a multiple of 1124?
True
Does 6 divide 30468108?
True
Does 992 divide 1791877794?
False
Does 53 divide 633780731?
True
Is 308 a factor of 2914296?
True
Is 8803 a factor of 156765009?
False
Is 2444 a factor of 321789260?
True
Is 655654802 a multiple of 1373?
False
Is 8 a factor of 10362184?
True
Does 1019 divide 281324501?
True
Is 2245200612 a multiple of 665?
False
Is 6455 a factor of 1369072058?
False
Is 691554354 a multiple of 9?
False
Is 473438237 a multiple of 7?
False
Is 1255842726 a multiple of 214?
False
Is 1211653344 a multiple of 22?
True
Is 874899047 even?
False
Does 4 divide 189166364?
True
Is 128 a factor of 1019183104?
True
Does 185 divide 100206730?
True
Does 11 divide 39638658?
False
Does 1600 divide 930782400?
True
Is 138 a factor of 1639504303?
False
Does 141 divide 13990866?
True
Does 42 divide 165519102?
True
Does 34 divide 14147373?
False
Does 250 divide 30061250?
True
Is 232 a factor of 259660843?
False
Does 5854 divide 1406584308?
False
Does 177 divide 641848728?
True
Does 30 divide 90403890?
True
Is 73382367 a multiple of 357?
False
Is 95 a factor of 155609715?
True
Is 68973625 a multiple of 875?
True
Does 2329 divide 168915383?
True
Does 10 divide 57706695?
False
Does 456 divide 35992323?
False
Is 146547950 a multiple of 91?
False
Is 118297350 a multiple of 50?
True
Does 67 divide 10480140?
True
Is 30 a factor of 461858949?
False
Does 27 divide 158787810?
True
Is 970 a factor of 12030910?
True
Does 93 divide 725842959?
True
Does 657 divide 2606177336?
False
Is 293 a factor of 640995514?
True
Is 44 a factor of 111177910?
False
Is 500999186 a multiple of 39?
False
Does 11 divide 182401897?
False
Does 120 divide 85590960?
True
Is 5137726 a multiple of 44?
False
Is 35155305 a multiple of 241?
False
Does 5893 divide 1311498936?
True
Is 4663864776 a multiple of 1446?
True
Is 1596 a factor of 76234536?
True
Is 11383096 even?
True
Is 41 a factor of 18074600?
False
Is 52119364 a multiple of 668?
True
Does 1799 divide 1542822819?
False
Does 22 divide 3471292?
True
Is 166585904 a multiple of 16?
True
Does 63 divide 635630436?
True
Does 33 divide 17569555?
False
Is 519 a factor of 1564266?
True
Does 44 divide 50713612?
False
Does 2339 divide 1830358721?
True
Is 21496122 a multiple of 207?
True
Does 47 divide 8740402?
True
Is 1578091866 a multiple of 142?
True
Is 213 a factor of 4349673?
True
Does 51 divide 112766811?
False
Is 23 a factor of 40083204?
True
Does 1395 divide 37610555?
False
Is 166674816 a multiple of 22?
True
Is 62 a factor of 492337318?
False
Is 6754275 a multiple of 75?
True
Is 424 a factor of 109373412?
False
Is 63 a factor of 63144270?
True
Is 203712755 a multiple of 14?
False
Does 1111 divide 234731783?
False
Does 15 divide 305544841?
False
Is 192 a factor of 20685888?
True
Is 149914644 a multiple of 1474?
True
Is 2511114270 a multiple of 70?
True
Is 37368135 a multiple of 45?
True
Does 124 divide 155331959?
False
Is 1842 a factor of 62659314?
True
Is 158497748 a multiple of 5617?
False
Is 107176467 a multiple of 3?
True
Does 9065 divide 723647989?
False
Does 69 divide 31670363?
False
Is 17566803 a multiple of 2?
False
Is 144 a factor of 449884069?
False
Is 5595 a factor of 3387725641?
False
Does 7 divide 865286570?
False
Is 1630669686 a multiple of 138?
True
Is 7255304 a multiple of 2897?
False
Is 2562088 a multiple of 29?
False
Does 1964 divide 39160427?
False
Does 228 divide 5606976?
True
Is 3405 a factor of 285563730?
True
Does 3393 divide 19906633?
False
Is 841 a factor of 37991334?
True
Is 1107259112 a multiple of 3413?
True
Is 602263069 a multiple of 6?
False
Does 1316 divide 34853356?
False
Is 305309953 a multiple of 25?
False
Is 30319059 a m